{"id":3,"date":"2022-02-15T18:38:58","date_gmt":"2022-02-15T17:38:58","guid":{"rendered":"https:\/\/www.gmcmanagement.it\/?page_id=3"},"modified":"2024-05-20T12:01:18","modified_gmt":"2024-05-20T10:01:18","slug":"privacy-policy","status":"publish","type":"page","link":"https:\/\/www.gmcmanagement.it\/index.php\/privacy-policy\/","title":{"rendered":"Privacy Policy"},"content":{"rendered":"\n<p><strong>GMC MANAGEMENT SRL<\/strong><br>VIA ALBERTO TALLONE N.84<br>00123 ROMA (RM)<br>P.IVA 14943311002<\/p>\n\n\n\n<p><\/p>\n\n\n\n<h5>Informativa sul trattamento dei dati personali ex artt. 13-14 Reg.to UE 2016\/679<\/h5>\n\n\n\n<h6>Soggetti Interessati: navigatori Sito Internet.<\/h6>\n\n\n\n<p>GMC MANAGEMENT SRL nella qualit\u00e0 di Titolare del trattamento dei Suoi dati personali, ai sensi e per gli effetti del Reg.to UE 2016\/679 di seguito &#8216;GDPR&#8217;, con la presente La informa che la citata normativa prevede la tutela degli interessati rispetto al trattamento dei dati personali e che tale trattamento sar\u00e0 improntato ai principi di correttezza, liceit\u00e0, trasparenza e di tutela della Sua riservatezza e dei Suoi diritti.<\/p>\n\n\n\n<p>I Suoi dati personali verranno trattati in accordo alle disposizioni legislative della normativa sopra richiamata e degli obblighi di riservatezza ivi previsti.<\/p>\n\n\n\n<p><strong>Finalit\u00e0 e base giuridica del trattamento<\/strong>: in particolare i Suoi dati verranno trattati per le seguenti finalit\u00e0 connesse all&#8217;attuazione di adempimenti relativi ad obblighi legislativi o contrattuali:<\/p>\n\n\n\n<ul><li>accesso tecnico e Funzionale al Sito nessun dato viene tenuto dopo la chiusura del Browser.<\/li><\/ul>\n\n\n\n<p><strong>Modalit\u00e0 del trattamento<\/strong>. I suoi dati personali potranno essere trattati nei seguenti modi:<\/p>\n\n\n\n<ul><li>a mezzo calcolatori elettronici con utilizzo di sistemi software gestiti da Terzi;<\/li><li>a mezzo calcolatori elettronici con utilizzo di sistemi software gestiti o programmati direttamente.<\/li><\/ul>\n\n\n\n<p>Ogni trattamento avviene nel rispetto delle modalit\u00e0 di cui agli artt. 6, 32 del GDPR e mediante l&#8217;adozione delle adeguate misure di sicurezza previste.<\/p>\n\n\n\n<p>I suoi dati saranno trattati unicamente da personale espressamente autorizzato dal Titolare ed, in particolare, dalle seguenti categorie di addetti:<\/p>\n\n\n\n<ul><li>programmatori e analisti.<\/li><\/ul>\n\n\n\n<p><strong>Diffusione<\/strong>: I suoi dati personali non verranno diffusi in alcun modo.<\/p>\n\n\n\n<p>I suoi dati personali potranno inoltre essere trasferiti, limitatamente alle finalit\u00e0 sopra riportate, nei seguenti stati:<\/p>\n\n\n\n<ul><li>paesi UE.<\/li><\/ul>\n\n\n\n<p><strong>Periodo di Conservazione.<\/strong> Le segnaliamo che, nel rispetto dei principi di liceit\u00e0, limitazione delle finalit\u00e0 e minimizzazione dei dati, ai sensi dell\u2019art. 5 del GDPR, il periodo di conservazione dei Suoi dati personali \u00e8:<\/p>\n\n\n\n<ul><li>stabilito per un arco di tempo non superiore all&#8217;espletamento dei servizi erogati.<\/li><\/ul>\n\n\n\n<p><strong>Titolare: <\/strong>il Titolare del trattamento dei dati, ai sensi della Legge, \u00e8 GMC MANAGEMENT SRL sede legale Roma (RM) via Alberto Tallone n. 84 cap 00123 P.I. 14943311002 \u00a0nella persona del Dott. LUIGI MASCOLO.<\/p>\n\n\n\n<p>Il responsabile della protezione dei dati (DPO) designato dal titolare ai sensi dell&#8217;art.37 del GDPR \u00e8:<\/p>\n\n\n\n<ul><li>Dott. Luigi Mascolo (e-mail: gmc.amministrazione@gmcmanagement.it).<\/li><\/ul>\n\n\n\n<p>Lei ha diritto di ottenere dal responsabile la cancellazione (diritto all&#8217;oblio), la limitazione, l&#8217;aggiornamento, la rettificazione, la portabilit\u00e0, l&#8217;opposizione al trattamento dei dati personali che La riguardano, nonch\u00e9 in generale pu\u00f2 esercitare tutti i diritti previsti dagli artt. 15, 16, 17, 18, 19, 20, 21, 22 del GDPR.<\/p>\n\n\n\n<h6>Reg.to UE 2016\/679: Artt. 15, 16, 17, 18, 19, 20, 21, 22 &#8211; Diritti dell&#8217;Interessato<\/h6>\n\n\n\n<p>1. L&#8217;interessato ha diritto di ottenere la conferma dell&#8217;esistenza o meno di dati personali che lo riguardano, anche se non ancora registrati, la loro comunicazione in forma intelligibile e la possibilit\u00e0 di effettuare reclamo presso l\u2019Autorit\u00e0 di controllo.<\/p>\n\n\n\n<p>2. L&#8217;interessato ha diritto di ottenere l&#8217;indicazione:<\/p>\n\n\n\n<ol type=\"a\"><li>dell&#8217;origine dei dati personali;<\/li><li>delle finalit\u00e0 e modalit\u00e0 del trattamento;<\/li><li>della logica applicata in caso di trattamento effettuato con l&#8217;ausilio di strumenti elettronici;<\/li><li>degli estremi identificativi del titolare, dei responsabili e del rappresentante designato ai sensi dell&#8217;articolo 5, comma 2;<\/li><li>dei soggetti o delle categorie di soggetti ai quali i dati personali possono essere comunicati o che possono venirne a conoscenza in qualit\u00e0 di rappresentante designato nel territorio dello Stato, di responsabili o incaricati.<\/li><\/ol>\n\n\n\n<p>3. L&#8217;interessato ha diritto di ottenere:<\/p>\n\n\n\n<ol type=\"a\"><li>l&#8217;aggiornamento, la rettificazione ovvero, quando vi ha interesse, l&#8217;integrazione dei dati;<\/li><li>la cancellazione, la trasformazione in forma anonima o il blocco dei dati trattati in violazione di legge, compresi quelli di cui non \u00e8 necessaria la conservazione in relazione agli scopi per i quali i dati sono stati raccolti o successivamente trattati;<\/li><li>l&#8217;attestazione che le operazioni di cui alle lettere a) e b) sono state portate a conoscenza, anche per quanto riguarda il loro contenuto, di coloro ai quali i dati sono stati comunicati o diffusi, eccettuato il caso in cui tale adempimento si rivela impossibile o comporta un impiego di mezzi manifestamente sproporzionato rispetto al diritto tutelato;<\/li><li>la portabilit\u00e0 dei dati.<\/li><\/ol>\n\n\n\n<p>4. L&#8217;interessato ha diritto di opporsi, in tutto o in parte:<\/p>\n\n\n\n<ol type=\"a\"><li>per motivi legittimi al trattamento dei dati personali che lo riguardano, ancorch\u00e9 pertinenti allo scopo della raccolta;<\/li><li>al trattamento di dati personali che lo riguardano a fini di invio di materiale pubblicitario o di vendita diretta o per il compimento di ricerche di mercato o di comunicazione commerciale.<\/li><\/ol>\n","protected":false},"excerpt":{"rendered":"<p>GMC MANAGEMENT SRLVIA ALBERTO TALLONE N.8400123 ROMA (RM)P.IVA 14943311002 Informativa sul trattamento dei dati personali ex artt. 13-14 Reg.to UE 2016\/679 Soggetti Interessati: navigatori Sito Internet. GMC MANAGEMENT SRL nella qualit\u00e0 di Titolare del trattamento dei Suoi dati personali, ai sensi e per gli effetti del Reg.to UE 2016\/679 di seguito &#8216;GDPR&#8217;, con la presente &hellip;<\/p>\n<p class=\"read-more\"> <a class=\"\" href=\"https:\/\/www.gmcmanagement.it\/index.php\/privacy-policy\/\"> <span class=\"screen-reader-text\">Privacy Policy<\/span> Leggi altro &raquo;<\/a><\/p>\n","protected":false},"author":1,"featured_media":0,"parent":0,"menu_order":0,"comment_status":"closed","ping_status":"open","template":"","meta":{"site-sidebar-layout":"default","site-content-layout":"default","ast-main-header-display":"","ast-hfb-above-header-display":"","ast-hfb-below-header-display":"","ast-hfb-mobile-header-display":"","site-post-title":"","ast-breadcrumbs-content":"","ast-featured-img":"","footer-sml-layout":"","theme-transparent-header-meta":"","adv-header-id-meta":"","stick-header-meta":"","header-above-stick-meta":"","header-main-stick-meta":"","header-below-stick-meta":""},"_links":{"self":[{"href":"https:\/\/www.gmcmanagement.it\/index.php\/wp-json\/wp\/v2\/pages\/3"}],"collection":[{"href":"https:\/\/www.gmcmanagement.it\/index.php\/wp-json\/wp\/v2\/pages"}],"about":[{"href":"https:\/\/www.gmcmanagement.it\/index.php\/wp-json\/wp\/v2\/types\/page"}],"author":[{"embeddable":true,"href":"https:\/\/www.gmcmanagement.it\/index.php\/wp-json\/wp\/v2\/users\/1"}],"replies":[{"embeddable":true,"href":"https:\/\/www.gmcmanagement.it\/index.php\/wp-json\/wp\/v2\/comments?post=3"}],"version-history":[{"count":8,"href":"https:\/\/www.gmcmanagement.it\/index.php\/wp-json\/wp\/v2\/pages\/3\/revisions"}],"predecessor-version":[{"id":499,"href":"https:\/\/www.gmcmanagement.it\/index.php\/wp-json\/wp\/v2\/pages\/3\/revisions\/499"}],"wp:attachment":[{"href":"https:\/\/www.gmcmanagement.it\/index.php\/wp-json\/wp\/v2\/media?parent=3"}],"curies":[{"name":"wp","href":"https:\/\/api.w.org\/{rel}","templated":true}]}}